4)/2 is divided by 5.
4
Let w = 18334 + -17486. Calculate the remainder when w is divided by 34.
32
Let j(t) = 87*t + 852. What is the remainder when j(-9) is divided by 35?
34
Let s = -113 - -63. Let l(u) = 43*u + 297. What is the remainder when l(-6) is divided by (16/(-20))/(5/s)?
7
Suppose 0*j = 5*j - 3*g + 81, -8 = -4*g. Let b(v) = -v**3 - 23*v**2 - 121*v + 6. Let r = -6 - -67. Calculate the remainder when r is divided by b(j).
19
Let g(r) = 7*r - 38. Let k be g(5). Let u be (7 + 63)/((-4)/14). What is the remainder when u/(-15) + 2 + 7/k is divided by 7?
2
Suppose -1584 - 636 = -10*x. Let a = -202 + x. Calculate the remainder when 96 is divided by a.
16
Let u = -55 - -57. Suppose -5*t - 2 = -37. What is the remainder when (-3)/(-9)*u*(-324)/(-8) is divided by t?
6
Suppose 2*o - 23 = -83*t + 82*t, 0 = 3*o - 2*t - 10. What is the remainder when 8348 is divided by o?
4
Suppose -5*u + 108 + 632 = 0. Suppose 209*t + 156 = 212*t. What is the remainder when u is divided by t?
44
Let i = -8914 + 9066. Calculate the remainder when 354 is divided by i.
50
Let q = 227 - 423. Let w = -173 - q. What is the remainder when 574 is divided by w?
22
What is the remainder when (-27690)/(-286) + (-4 - (-92)/22) is divided by 3?
1
Suppose -4*u = a - 20965, -17*u - 5208 = -18*u - 5*a. Calculate the remainder when u is divided by 92.
91
What is the remainder when 888 is divided by 0 + (86/(-12))/((-26)/468)?
114
Let a = 10869 - 10803. Calculate the remainder when 391 is divided by a.
61
Suppose -14*o - 87*o + 13020 = -17*o. What is the remainder when 2183 is divided by o?
13
Suppose 0 = -5*r - 5, -93*r + 133 = 4*c - 102*r. Calculate the remainder when 4238 is divided by c.
22
Calculate the remainder when (-24945)/420*-4 + (0 - (-6)/14) is divided by 46.
8
Suppose -65 - 100 = -5*y. Let z = -31 + y. Suppose -z*g = 2 + 2, -2*g = -2*s + 36. Calculate the remainder when 43 is divided by s.
11
Suppose b - h + 2*h = 52, -2*h = -b + 61. Suppose -5*m - z = -195, -110 - b = -4*m + z. Let n = -27 + m. Calculate the remainder when 23 is divided by n.
10
Suppose -4*r = -2*z + 30, 5*r - 2 = -27. Suppose -z*u + 104 = 4. Let o = u - 2. Calculate the remainder when 25 is divided by o.
7
Suppose -5946 = -2*j - 4*y, -11*y = -2*j - 2*j + 11740. Calculate the remainder when j is divided by 17.
16
Suppose -10*a - 15 = -465. What is the remainder when a is divided by ((-3)/3)/(4 - 89/22)?
1
What is the remainder when 1544 is divided by (-5)/((-5)/(-86))*(-299)/299?
82
Let n(f) = 152*f - 500. What is the remainder when 293 is divided by n(4)?
77
Let r(m) = m - 5. Let k be r(-5). What is the remainder when ((-34)/(-4))/((-1)/k) is divided by 33 - ((-675)/25 + 38)?
19
Let i = 110 + -18. What is the remainder when 94 is divided by 4 - i/20 - 163/(-5)?
30
Suppose h = -3*f + 47, 55 = 5*h - 2*f - 112. Suppose 402 + 258 = 3*l. Calculate the remainder when h is divided by l/18 + 6/(-27).
11
Suppose 18*z = 17*z - y + 5864, 5*y - 17582 = -3*z. What is the remainder when z is divided by 178?
173
Let q(d) = d + 179. Calculate the remainder when q(45) is divided by 175.
49
Let i(c) = -16 + 4*c - 6*c + 3 - 8*c. Let k be i(-2). Suppose 3*p = 3*x + 165, -1 = -2*x - k. What is the remainder when p is divided by 14?
10
Let i be 8/6*(-102)/(-4). Let k = -34 + i. Calculate the remainder when 35 is divided by (1 + 1)/(5/30 + k).
11
Let x = 7 - -15. Suppose -17*c + 63 = -u, 35 = 5*c + 137*u - 134*u. What is the remainder when 1/(2*1/x) is divided by c?
3
Suppose -3*b + 6243 = -116*x + 117*x, 0 = 4*b + 5*x - 8346. What is the remainder when b is divided by 8?
7
Suppose -11*g + 16 = 2*b - 14*g, -4*g + 12 = 4*b. Suppose r = -b*a + 93, -4*a - 184 = 6*r - 9*r. Calculate the remainder when r is divided by 8.
4
Suppose 17*o - 38*o + 12972 = 2*o. Calculate the remainder when o is divided by 79.
11
Suppose 52 + 599 = 21*b. What is the remainder when 2997 is divided by b?
21
Suppose -2*v - 23 = -g, -v + 4*g = -1 + 23. Calculate the remainder when 132 is divided by ((-546)/35)/(4/v).
15
Let r(z) = z**2 + 33. Suppose 80*u - 75*u = 260. Calculate the remainder when 12/u + (-42480)/(-130) is divided by r(0).
30
Let v = 2573 + -2399. Calculate the remainder when v is divided by 74.
26
What is the remainder when (((-160)/(-60))/((-2)/(-549)))/2 is divided by 59?
12
Suppose 44 = -2*j - 9*j. What is the remainder when 34 is divided by 6 + 8/j - -3?
6
Let d(t) = -17*t - 150. Let p(k) = k**3 - 4*k**2 - 3*k - 3. Let g be p(3). Calculate the remainder when d(g) is divided by 35.
32
Let s = 698 - 310. What is the remainder when 240 is divided by -5 + 133/21 + s/6?
42
Calculate the remainder when 192 is divided by 10 - -53 - 72 - (-1 + 0 - 82).
44
Suppose -4*q = 2*n + 8, 5*q = -n - 7 - 12. What is the remainder when 131 is divided by n?
5
Let r = 11616 - 11445. Calculate the remainder when 708 is divided by r.
24
Suppose -4*z - 23*w + 26*w = -11, -2 = -2*z + 2*w. Calculate the remainder when 1077 is divided by z.
5
Let k = 384663 - 384630. Calculate the remainder when (-2)/(-5) - (-718)/5 is divided by k.
12
Let o(w) = -3*w**2 + 39*w + 243. What is the remainder when o(13) is divided by (3 - 1)/((-5)/(-105))?
33
Suppose 0 = 7*f + 76 - 83. Calculate the remainder when (3 - (f + 4))*-2 is divided by (-4)/(-6) - (-7)/3.
1
Let a(j) = j**2 - 34*j - 27. What is the remainder when a(-7) is divided by 165?
95
Suppose 4*d + 2*b - 25 - 7 = 0, -2*d - 8 = -5*b. Let r(f) = 0 + 540*f - 5 - 509*f + 4*f**2. What is the remainder when d is divided by r(-8)?
0
Suppose 4*k - 1 = 11. Suppose -v - 2*t = 3, 2*v + 0 = -k*t - 3. Suppose v*u - 30 = 15. What is the remainder when 87 is divided by u?
12
Suppose 23*j + 22*j - 31*j - 23310 = 0. Calculate the remainder when j is divided by 49.
48
Suppose -4*f + 0*f + 500 = 0. Let q = f - 25. What is the remainder when q is divided by (-274)/(-16) + (-2)/(-7)*(-1323)/3024?
15
Suppose 21*d = 673 + 167. Suppose -4*r + 8*r = d. Let z(m) = -57*m. What is the remainder when z(-1) is divided by r?
7
Let j(m) be the third derivative of m**6/60 - 7*m**5/30 + m**4/8 + 3*m**3/2 - m**2 - 45*m. What is the remainder when 56 is divided by j(7)?
26
Let g(f) = f**2 + 17*f + 60. Let k be g(-11). What is the remainder when 39 is divided by k*(-2 + (-3)/(-6))?
3
Suppose 0 = 33*c - 5515 - 10292. What is the remainder when c is divided by 11?
6
Calculate the remainder when (-4)/44 + 13004/22 is divided by 16.
15
Let a(p) = -p**3 - 7*p**2 + 6*p - 11. Let m = 38 - 46. Calculate the remainder when (-32)/(-40)*(2 - -8) is divided by a(m).
3
Let m(b) = -83*b + 11. Calculate the remainder when 151 is divided by m(-1).
57
Let t(n) = 16*n**2 - 49*n + 79. Calculate the remainder when 2428 is divided by t(2).
43
Let p be (6 - 4)/(16/(-32)). Let d be 2/(-4) - 54/4. Calculate the remainder when -66*(3 - d/p) is divided by 13.
7
Let r(t) = -18*t + 324. What is the remainder when 227 is divided by r(14)?
11
Suppose 0 = -423*p + 412*p + 49742. Calculate the remainder when p is divided by 25.
22
Suppose -4*u = -u - 6. Suppose -2*c = -u - 8. Suppose z - 10 = 3*x - 0*x, z = -c*x + 10. Calculate the remainder when 56 is divided by z.
6
Let t = -475 + 320. Let r = -45 - t. Let h = 294 - 257. Calculate the remainder when r is divided by h.
36
Suppose 510 = -6*z + 11*z - 1555. What is the remainder when z is divided by 107?
92
Suppose 5*p - 1403 - 2027 = 0. Calculate the remainder when p is divided by 77.
70
Let a be -111 - ((-20)/(-12) - 1/(-3)). Let g = 107 + a. What is the remainder when 74 is divided by -4 - (-5 + -4 + g)?
8
Let p = 6 - 2. Suppose 950 = -18*x + 2382 - 1126. Calculate the remainder when x is divided by p.
1
Let s be 8218/(-84) - (1 - -2)/18. Suppose -2*a + 5 = -a. What is the remainder when (-1722)/s + 6/14 is divided by a?
3
Let z(w) be the first derivative of -8*w**4 + w**3/3 + w**2/2 + w + 6. What is the remainder when 85 is divided by z(-1)?
19
Let d(x) = -x**3 + 52*x**2 - 97*x - 143. Calculate the remainder when 32 is divided by d(50).
4
Let w(j) = 94*j - 274. Calculate the remainder when w(7) is divided by 97.
93
Suppose 107 - 737 = -10*v. Calculate the remainder when 621 is divided by v.
54
Suppose -30 = -5*u - 5*s, 0 = 2*u + 5*s - 4 - 5. Calculate the remainder when 144/(-12) + (16 - -64) is divided by 36/3*u/3.
12
Su